vided by 62?
8
Calculate the remainder when 14162 is divided by 1701.
554
Calculate the remainder when 1872 is divided by 453.
60
Calculate the remainder when 5428 is divided by 754.
150
Calculate the remainder when 1116853 is divided by 23.
19
What is the remainder when 1346 is divided by 761?
585
What is the remainder when 8646676 is divided by 222?
220
What is the remainder when 4866 is divided by 700?
666
Calculate the remainder when 20645 is divided by 369.
350
What is the remainder when 4207 is divided by 54?
49
What is the remainder when 202944 is divided by 79?
72
Calculate the remainder when 659634 is divided by 82.
26
Calculate the remainder when 480 is divided by 248.
232
What is the remainder when 760085 is divided by 17?
15
What is the remainder when 4512 is divided by 497?
39
Calculate the remainder when 27067 is divided by 59.
45
What is the remainder when 9831 is divided by 57?
27
What is the remainder when 1999 is divided by 658?
25
Calculate the remainder when 706 is divided by 181.
163
What is the remainder when 61435 is divided by 64?
59
What is the remainder when 18545 is divided by 1324?
9
What is the remainder when 1041 is divided by 964?
77
Calculate the remainder when 1172 is divided by 526.
120
What is the remainder when 7555 is divided by 10?
5
What is the remainder when 48031 is divided by 112?
95
Calculate the remainder when 124336 is divided by 573.
568
Calculate the remainder when 46867 is divided by 36.
31
Calculate the remainder when 7659 is divided by 7651.
8
Calculate the remainder when 31251 is divided by 14.
3
What is the remainder when 333172 is divided by 33?
4
What is the remainder when 129058 is divided by 147?
139
Calculate the remainder when 1074 is divided by 436.
202
Calculate the remainder when 85903 is divided by 182.
181
What is the remainder when 3709253 is divided by 46?
43
What is the remainder when 451273 is divided by 18?
13
What is the remainder when 28113 is divided by 484?
41
What is the remainder when 37149 is divided by 50?
49
What is the remainder when 49821 is divided by 72?
69
What is the remainder when 88654 is divided by 88590?
64
Calculate the remainder when 876 is divided by 243.
147
Calculate the remainder when 256114 is divided by 128052.
10
Calculate the remainder when 188877 is divided by 202.
7
Calculate the remainder when 9871 is divided by 2464.
15
Calculate the remainder when 1268 is divided by 163.
127
What is the remainder when 2021 is divided by 673?
2
What is the remainder when 5574 is divided by 93?
87
Calculate the remainder when 30617 is divided by 1052.
109
Calculate the remainder when 3102 is divided by 135.
132
Calculate the remainder when 18511 is divided by 285.
271
Calculate the remainder when 558124 is divided by 625.
624
What is the remainder when 3850 is divided by 1200?
250
What is the remainder when 7916 is divided by 77?
62
Calculate the remainder when 5461350 is divided by 423.
420
What is the remainder when 2000445 is divided by 1472?
1469
What is the remainder when 60214 is divided by 20056?
46
Calculate the remainder when 1939698 is divided by 100.
98
What is the remainder when 1284189 is divided by 196?
193
Calculate the remainder when 11612 is divided by 181.
28
Calculate the remainder when 8618 is divided by 655.
103
Calculate the remainder when 339 is divided by 9.
6
What is the remainder when 9797 is divided by 897?
827
Calculate the remainder when 790478 is divided by 241.
239
What is the remainder when 18298 is divided by 186?
70
What is the remainder when 17304 is divided by 5713?
165
What is the remainder when 13018 is divided by 1091?
1017
What is the remainder when 116357 is divided by 850?
757
What is the remainder when 1515 is divided by 153?
138
What is the remainder when 8422 is divided by 281?
273
What is the remainder when 112516 is divided by 423?
421
What is the remainder when 4213 is divided by 396?
253
Calculate the remainder when 850 is divided by 288.
274
What is the remainder when 205891 is divided by 1078?
1071
Calculate the remainder when 604629 is divided by 183.
180
Calculate the remainder when 40776 is divided by 40774.
2
Calculate the remainder when 29701 is divided by 42.
7
What is the remainder when 16267 is divided by 855?
22
Calculate the remainder when 191826 is divided by 11.
8
What is the remainder when 28085 is divided by 1040?
5
Calculate the remainder when 7481 is divided by 234.
227
Calculate the remainder when 74446 is divided by 72.
70
Calculate the remainder when 72054 is divided by 148.
126
Calculate the remainder when 253001 is divided by 7906.
9
Calculate the remainder when 47893 is divided by 9554.
123
What is the remainder when 58241 is divided by 10?
1
What is the remainder when 1815 is divided by 827?
161
Calculate the remainder when 17955 is divided by 596.
75
What is the remainder when 46056 is divided by 172?
132
Calculate the remainder when 932 is divided by 822.
110
What is the remainder when 36138 is divided by 138?
120
What is the remainder when 444878 is divided by 2013?
5
What is the remainder when 2367 is divided by 26?
1
What is the remainder when 11027 is divided by 1355?
187
Calculate the remainder when 2076814 is divided by 98.
96
What is the remainder when 1986 is divided by 29?
14
What is the remainder when 74692 is divided by 530?
492
What is the remainder when 27501 is divided by 181?
170
What is the remainder when 36637 is divided by 3661?
27
Calculate the remainder when 343 is divided by 257.
86
Calculate the remainder when 4111 is divided by 4108.
3
What is the remainder when 21450 is divided by 74?
64
What is the remainder when 36682 is divided by 145?
142
Calculate the remainder when 51133 is divided by 136.
133
What is the remainder when 54463 is divided by 8?
7
What is the remainder when 3869 is divided by 62?
25
What is the remainder when 973310 is divided by 4?
2
Calculate the remainder when 91113 is divided by 109.
98
What is the remainder when 16666 is divided by 618?
598
Calculate the remainder when 77401 is divided by 13.
12
Calculate the remainder when 18901 is divided by 422.
333
Calculate the remainder when 10178 is divided by 672.
98
Calculate the remainder when 59712 is divided by 1390.
1332
What is the remainder when 6193 is divided by 388?
373
Calculate the remainder when 1058735 is divided by 84.
83
Calculate the remainder when 48118 is divided by 2004.
22
What is the remainder when 36446 is divided by 4553?
22
What is the remainder when 1872877 is divided by 1421?
1420
Calculate the remainder when 2400144 is divided by 755.
754
What is the remainder when 57255 is divided by 4759?
147
What is the remainder when 11359 is divided by 46?
43
What is the remainder when 61755 is divided by 15438?
3
Calculate the remainder when 935280 is divided by 1338.
18
What is the remainder when 1852 is divided by 3?
1
What is the remainder when 410743 is divided by 14?
11
Calculate the remainder when 2561 is divided by 1209.
143
Calculate the remainder when 18817 is divided by 52.
45
Calculate the remainder when 3103975 is divided by 22.
17
Calculate the remainder when 85920 is divided by 21477.
12
What is the remainder when 25026 is divided by 139?
6
What is the remainder when 705431 is divided by 521?
518
What is the remainder when 339308 is divided by 6?
2
What is the remainder when 6951 is divided by 17?
15
Calculate the remainder when 7395 is divided by 188.
63
What is the remainder when 12830 is divided by 1598?
46
What is the remainder when 24740 is divided by 203?
177
What is the remainder when 45850 is divided by 138?
34
What is the remainder when 961 is divided by 39?
25
Calculate the remainder when 9837 is divided by 1453.
1119
Calculate the remainder when 2441391 is divided by 11.
7
Calculate the remainder when 5020 is divided by 3.
1
What is the remainder when 16384 is divided by 2048?
0
Calculate the remainder when 15627 is divided by 49.
45
Calculate the remainder when 41011 is divided by 40963.
48
What is the remainder when 85019 is divided by 260?
259
Calculate the remainder when 22273 is divided by 25.
23
Calculate the remainder when 2732 is divided by 2694.
38
Calculate the remainder when 29545 is divided by 305.
265
What is the remainder when 164526 is d